{"id":83,"date":"2025-08-25T16:29:47","date_gmt":"2025-08-25T14:29:47","guid":{"rendered":"https:\/\/www.alba-avocats-montauban.fr\/?page_id=83"},"modified":"2025-08-26T11:13:50","modified_gmt":"2025-08-26T09:13:50","slug":"honoraires","status":"publish","type":"page","link":"https:\/\/www.alba-avocats-montauban.fr\/?page_id=83","title":{"rendered":"Honoraires"},"content":{"rendered":"\t\t<div data-elementor-type=\"wp-page\" data-elementor-id=\"83\" class=\"elementor elementor-83\" data-elementor-post-type=\"page\">\n\t\t\t\t<div class=\"elementor-element elementor-element-474ace1 e-flex e-con-boxed e-con e-parent\" data-id=\"474ace1\" data-element_type=\"container\" data-e-type=\"container\" data-settings=\"{&quot;background_background&quot;:&quot;classic&quot;,&quot;shape_divider_bottom&quot;:&quot;arrow&quot;,&quot;shape_divider_bottom_negative&quot;:&quot;yes&quot;}\">\n\t\t\t\t\t<div class=\"e-con-inner\">\n\t\t\t\t<div class=\"elementor-shape elementor-shape-bottom\" aria-hidden=\"true\" data-negative=\"true\">\n\t\t\t<svg xmlns=\"http:\/\/www.w3.org\/2000\/svg\" viewBox=\"0 0 700 10\" preserveAspectRatio=\"none\">\n\t<path class=\"elementor-shape-fill\" d=\"M360 0L350 9.9 340 0 0 0 0 10 700 10 700 0\"\/>\n<\/svg>\t\t<\/div>\n\t\t\t\t<div class=\"elementor-element elementor-element-3a73e29 elementor-hidden-tablet elementor-hidden-mobile elementor-widget elementor-widget-image\" data-id=\"3a73e29\" data-element_type=\"widget\" data-e-type=\"widget\" data-widget_type=\"image.default\">\n\t\t\t\t<div class=\"elementor-widget-container\">\n\t\t\t\t\t\t\t\t\t\t\t\t\t\t\t<img decoding=\"async\" width=\"171\" height=\"191\" src=\"https:\/\/www.alba-avocats-montauban.fr\/wp-content\/uploads\/2025\/08\/logo-alba-avocats.png\" class=\"attachment-full size-full wp-image-25\" alt=\"\" \/>\t\t\t\t\t\t\t\t\t\t\t\t\t\t\t<\/div>\n\t\t\t\t<\/div>\n\t\t\t\t<div class=\"elementor-element elementor-element-a91acfa elementor-widget elementor-widget-heading\" data-id=\"a91acfa\" data-element_type=\"widget\" data-e-type=\"widget\" data-widget_type=\"heading.default\">\n\t\t\t\t<div class=\"elementor-widget-container\">\n\t\t\t\t\t<h1 class=\"elementor-heading-title elementor-size-default\">Honoraires<\/h1>\t\t\t\t<\/div>\n\t\t\t\t<\/div>\n\t\t\t\t<div class=\"elementor-element elementor-element-5f10df9 elementor-widget elementor-widget-heading\" data-id=\"5f10df9\" data-element_type=\"widget\" data-e-type=\"widget\" data-widget_type=\"heading.default\">\n\t\t\t\t<div class=\"elementor-widget-container\">\n\t\t\t\t\t<h2 class=\"elementor-heading-title elementor-size-default\">Droit des soci\u00e9t\u00e9s - Droit commercial -Droit du travail - Droit des assurances - Droit de la construction\n<\/h2>\t\t\t\t<\/div>\n\t\t\t\t<\/div>\n\t\t\t\t<div class=\"elementor-element elementor-element-9b00f95 elementor-widget elementor-widget-text-editor\" data-id=\"9b00f95\" data-element_type=\"widget\" data-e-type=\"widget\" data-widget_type=\"text-editor.default\">\n\t\t\t\t<div class=\"elementor-widget-container\">\n\t\t\t\t\t\t\t\t\t<ul><li>Les honoraires sont librement fix\u00e9s entre l\u2019avocat et son client.<\/li><li>D\u00e8s le d\u00e9but de la proc\u00e9dure, une convention d\u2019honoraires vous sera propos\u00e9e ou un devis sur simple demande.<\/li><li>Les consultations simples au cabinet seront factur\u00e9es 60 \u20ac HT.<\/li><\/ul>\t\t\t\t\t\t\t\t<\/div>\n\t\t\t\t<\/div>\n\t\t\t\t<div class=\"elementor-element elementor-element-90689ec elementor-align-center elementor-widget elementor-widget-button\" data-id=\"90689ec\" data-element_type=\"widget\" data-e-type=\"widget\" data-widget_type=\"button.default\">\n\t\t\t\t<div class=\"elementor-widget-container\">\n\t\t\t\t\t\t\t\t\t<div class=\"elementor-button-wrapper\">\n\t\t\t\t\t<a class=\"elementor-button elementor-button-link elementor-size-sm\" href=\"#\">\n\t\t\t\t\t\t<span class=\"elementor-button-content-wrapper\">\n\t\t\t\t\t\t\t\t\t<span class=\"elementor-button-text\">Nous contacter<\/span>\n\t\t\t\t\t<\/span>\n\t\t\t\t\t<\/a>\n\t\t\t\t<\/div>\n\t\t\t\t\t\t\t\t<\/div>\n\t\t\t\t<\/div>\n\t\t\t\t\t<\/div>\n\t\t\t\t<\/div>\n\t\t\t\t<\/div>\n\t\t","protected":false},"excerpt":{"rendered":"<p>Honoraires Droit des soci\u00e9t\u00e9s &#8211; Droit commercial -Droit du travail &#8211; Droit des assurances &#8211; Droit de la construction Les honoraires sont librement fix\u00e9s entre l\u2019avocat et son client. D\u00e8s le d\u00e9but de la proc\u00e9dure, une convention d\u2019honoraires vous sera propos\u00e9e ou un devis sur simple demande. Les consultations simples au cabinet seront factur\u00e9es 60 [&hellip;]<\/p>\n","protected":false},"author":1,"featured_media":0,"parent":0,"menu_order":0,"comment_status":"closed","ping_status":"closed","template":"elementor_header_footer","meta":{"footnotes":""},"class_list":["post-83","page","type-page","status-publish","hentry"],"yoast_head":"<!-- This site is optimized with the Yoast SEO plugin v27.5 - https:\/\/yoast.com\/product\/yoast-seo-wordpress\/ -->\n<title>Honoraires - Alba avocat montauban<\/title>\n<meta name=\"robots\" content=\"index, follow, max-snippet:-1, max-image-preview:large, max-video-preview:-1\" \/>\n<link rel=\"canonical\" href=\"https:\/\/www.alba-avocats-montauban.fr\/?page_id=83\" \/>\n<meta property=\"og:locale\" content=\"fr_FR\" \/>\n<meta property=\"og:type\" content=\"article\" \/>\n<meta property=\"og:title\" content=\"Honoraires - Alba avocat montauban\" \/>\n<meta property=\"og:description\" content=\"Honoraires Droit des soci\u00e9t\u00e9s &#8211; Droit commercial -Droit du travail &#8211; Droit des assurances &#8211; Droit de la construction Les honoraires sont librement fix\u00e9s entre l\u2019avocat et son client. D\u00e8s le d\u00e9but de la proc\u00e9dure, une convention d\u2019honoraires vous sera propos\u00e9e ou un devis sur simple demande. Les consultations simples au cabinet seront factur\u00e9es 60 [&hellip;]\" \/>\n<meta property=\"og:url\" content=\"https:\/\/www.alba-avocats-montauban.fr\/?page_id=83\" \/>\n<meta property=\"og:site_name\" content=\"Alba avocat montauban\" \/>\n<meta property=\"article:modified_time\" content=\"2025-08-26T09:13:50+00:00\" \/>\n<meta property=\"og:image\" content=\"https:\/\/www.alba-avocats-montauban.fr\/wp-content\/uploads\/2025\/08\/logo-alba-avocats.png\" \/>\n<meta name=\"twitter:card\" content=\"summary_large_image\" \/>\n<meta name=\"twitter:label1\" content=\"Dur\u00e9e de lecture estim\u00e9e\" \/>\n\t<meta name=\"twitter:data1\" content=\"1 minute\" \/>\n<script type=\"application\/ld+json\" class=\"yoast-schema-graph\">{\"@context\":\"https:\\\/\\\/schema.org\",\"@graph\":[{\"@type\":\"WebPage\",\"@id\":\"https:\\\/\\\/www.alba-avocats-montauban.fr\\\/?page_id=83\",\"url\":\"https:\\\/\\\/www.alba-avocats-montauban.fr\\\/?page_id=83\",\"name\":\"Honoraires - Alba avocat montauban\",\"isPartOf\":{\"@id\":\"https:\\\/\\\/www.alba-avocats-montauban.fr\\\/#website\"},\"primaryImageOfPage\":{\"@id\":\"https:\\\/\\\/www.alba-avocats-montauban.fr\\\/?page_id=83#primaryimage\"},\"image\":{\"@id\":\"https:\\\/\\\/www.alba-avocats-montauban.fr\\\/?page_id=83#primaryimage\"},\"thumbnailUrl\":\"https:\\\/\\\/www.alba-avocats-montauban.fr\\\/wp-content\\\/uploads\\\/2025\\\/08\\\/logo-alba-avocats.png\",\"datePublished\":\"2025-08-25T14:29:47+00:00\",\"dateModified\":\"2025-08-26T09:13:50+00:00\",\"breadcrumb\":{\"@id\":\"https:\\\/\\\/www.alba-avocats-montauban.fr\\\/?page_id=83#breadcrumb\"},\"inLanguage\":\"fr-FR\",\"potentialAction\":[{\"@type\":\"ReadAction\",\"target\":[\"https:\\\/\\\/www.alba-avocats-montauban.fr\\\/?page_id=83\"]}]},{\"@type\":\"ImageObject\",\"inLanguage\":\"fr-FR\",\"@id\":\"https:\\\/\\\/www.alba-avocats-montauban.fr\\\/?page_id=83#primaryimage\",\"url\":\"https:\\\/\\\/www.alba-avocats-montauban.fr\\\/wp-content\\\/uploads\\\/2025\\\/08\\\/logo-alba-avocats.png\",\"contentUrl\":\"https:\\\/\\\/www.alba-avocats-montauban.fr\\\/wp-content\\\/uploads\\\/2025\\\/08\\\/logo-alba-avocats.png\",\"width\":171,\"height\":191},{\"@type\":\"BreadcrumbList\",\"@id\":\"https:\\\/\\\/www.alba-avocats-montauban.fr\\\/?page_id=83#breadcrumb\",\"itemListElement\":[{\"@type\":\"ListItem\",\"position\":1,\"name\":\"Accueil\",\"item\":\"https:\\\/\\\/www.alba-avocats-montauban.fr\\\/\"},{\"@type\":\"ListItem\",\"position\":2,\"name\":\"Honoraires\"}]},{\"@type\":\"WebSite\",\"@id\":\"https:\\\/\\\/www.alba-avocats-montauban.fr\\\/#website\",\"url\":\"https:\\\/\\\/www.alba-avocats-montauban.fr\\\/\",\"name\":\"Alba avocat montauban\",\"description\":\"\",\"potentialAction\":[{\"@type\":\"SearchAction\",\"target\":{\"@type\":\"EntryPoint\",\"urlTemplate\":\"https:\\\/\\\/www.alba-avocats-montauban.fr\\\/?s={search_term_string}\"},\"query-input\":{\"@type\":\"PropertyValueSpecification\",\"valueRequired\":true,\"valueName\":\"search_term_string\"}}],\"inLanguage\":\"fr-FR\"}]}<\/script>\n<!-- \/ Yoast SEO plugin. -->","yoast_head_json":{"title":"Honoraires - Alba avocat montauban","robots":{"index":"index","follow":"follow","max-snippet":"max-snippet:-1","max-image-preview":"max-image-preview:large","max-video-preview":"max-video-preview:-1"},"canonical":"https:\/\/www.alba-avocats-montauban.fr\/?page_id=83","og_locale":"fr_FR","og_type":"article","og_title":"Honoraires - Alba avocat montauban","og_description":"Honoraires Droit des soci\u00e9t\u00e9s &#8211; Droit commercial -Droit du travail &#8211; Droit des assurances &#8211; Droit de la construction Les honoraires sont librement fix\u00e9s entre l\u2019avocat et son client. D\u00e8s le d\u00e9but de la proc\u00e9dure, une convention d\u2019honoraires vous sera propos\u00e9e ou un devis sur simple demande. Les consultations simples au cabinet seront factur\u00e9es 60 [&hellip;]","og_url":"https:\/\/www.alba-avocats-montauban.fr\/?page_id=83","og_site_name":"Alba avocat montauban","article_modified_time":"2025-08-26T09:13:50+00:00","og_image":[{"url":"https:\/\/www.alba-avocats-montauban.fr\/wp-content\/uploads\/2025\/08\/logo-alba-avocats.png","type":"","width":"","height":""}],"twitter_card":"summary_large_image","twitter_misc":{"Dur\u00e9e de lecture estim\u00e9e":"1 minute"},"schema":{"@context":"https:\/\/schema.org","@graph":[{"@type":"WebPage","@id":"https:\/\/www.alba-avocats-montauban.fr\/?page_id=83","url":"https:\/\/www.alba-avocats-montauban.fr\/?page_id=83","name":"Honoraires - Alba avocat montauban","isPartOf":{"@id":"https:\/\/www.alba-avocats-montauban.fr\/#website"},"primaryImageOfPage":{"@id":"https:\/\/www.alba-avocats-montauban.fr\/?page_id=83#primaryimage"},"image":{"@id":"https:\/\/www.alba-avocats-montauban.fr\/?page_id=83#primaryimage"},"thumbnailUrl":"https:\/\/www.alba-avocats-montauban.fr\/wp-content\/uploads\/2025\/08\/logo-alba-avocats.png","datePublished":"2025-08-25T14:29:47+00:00","dateModified":"2025-08-26T09:13:50+00:00","breadcrumb":{"@id":"https:\/\/www.alba-avocats-montauban.fr\/?page_id=83#breadcrumb"},"inLanguage":"fr-FR","potentialAction":[{"@type":"ReadAction","target":["https:\/\/www.alba-avocats-montauban.fr\/?page_id=83"]}]},{"@type":"ImageObject","inLanguage":"fr-FR","@id":"https:\/\/www.alba-avocats-montauban.fr\/?page_id=83#primaryimage","url":"https:\/\/www.alba-avocats-montauban.fr\/wp-content\/uploads\/2025\/08\/logo-alba-avocats.png","contentUrl":"https:\/\/www.alba-avocats-montauban.fr\/wp-content\/uploads\/2025\/08\/logo-alba-avocats.png","width":171,"height":191},{"@type":"BreadcrumbList","@id":"https:\/\/www.alba-avocats-montauban.fr\/?page_id=83#breadcrumb","itemListElement":[{"@type":"ListItem","position":1,"name":"Accueil","item":"https:\/\/www.alba-avocats-montauban.fr\/"},{"@type":"ListItem","position":2,"name":"Honoraires"}]},{"@type":"WebSite","@id":"https:\/\/www.alba-avocats-montauban.fr\/#website","url":"https:\/\/www.alba-avocats-montauban.fr\/","name":"Alba avocat montauban","description":"","potentialAction":[{"@type":"SearchAction","target":{"@type":"EntryPoint","urlTemplate":"https:\/\/www.alba-avocats-montauban.fr\/?s={search_term_string}"},"query-input":{"@type":"PropertyValueSpecification","valueRequired":true,"valueName":"search_term_string"}}],"inLanguage":"fr-FR"}]}},"_links":{"self":[{"href":"https:\/\/www.alba-avocats-montauban.fr\/index.php?rest_route=\/wp\/v2\/pages\/83","targetHints":{"allow":["GET"]}}],"collection":[{"href":"https:\/\/www.alba-avocats-montauban.fr\/index.php?rest_route=\/wp\/v2\/pages"}],"about":[{"href":"https:\/\/www.alba-avocats-montauban.fr\/index.php?rest_route=\/wp\/v2\/types\/page"}],"author":[{"embeddable":true,"href":"https:\/\/www.alba-avocats-montauban.fr\/index.php?rest_route=\/wp\/v2\/users\/1"}],"replies":[{"embeddable":true,"href":"https:\/\/www.alba-avocats-montauban.fr\/index.php?rest_route=%2Fwp%2Fv2%2Fcomments&post=83"}],"version-history":[{"count":7,"href":"https:\/\/www.alba-avocats-montauban.fr\/index.php?rest_route=\/wp\/v2\/pages\/83\/revisions"}],"predecessor-version":[{"id":151,"href":"https:\/\/www.alba-avocats-montauban.fr\/index.php?rest_route=\/wp\/v2\/pages\/83\/revisions\/151"}],"wp:attachment":[{"href":"https:\/\/www.alba-avocats-montauban.fr\/index.php?rest_route=%2Fwp%2Fv2%2Fmedia&parent=83"}],"curies":[{"name":"wp","href":"https:\/\/api.w.org\/{rel}","templated":true}]}}